is the highest common divisor of 256 and y?
32
Suppose -a + 15 = 4*c, -15 = -c - 2*c. Let f(i) = i**2 + 3*i + 2. Let g be f(a). What is the greatest common factor of 12 and g?
12
Let b be 236/6 + 22/(-66). What is the highest common divisor of b and 13?
13
Suppose 3*j + 474 = 6*j. Suppose t = d - j, -t + 116 = -2*d + 434. What is the greatest common factor of d and 16?
16
Let o(y) be the third derivative of -y**4/3 - y**2. Let i be o(-1). Calculate the highest common factor of 88 and i.
8
Suppose 5*a - 184 = -3*h + 3*a, 130 = 2*h + 5*a. What is the highest common divisor of 90 and h?
30
Suppose -120 = -5*f - 5*s, 0 = f + 2*s + 2*s - 33. Suppose -j + 3*j - 42 = 0. What is the highest common divisor of j and f?
21
Suppose -5*q - 4*w + 19 = 2, 3*q - 21 = 3*w. What is the greatest common factor of q and 2?
1
Let q = 15 - 22. Let j = 37 - q. Calculate the highest common factor of 22 and j.
22
Let k(g) = g**3 + 10*g**2 - 3*g - 4. Let h be k(-10). What is the highest common factor of h and 13?
13
Let w(o) = 2*o + 0*o**2 - 1 + 2 + 6*o**2. Let v be w(-1). Calculate the highest common divisor of 10 and v.
5
Suppose 2*a + 44 - 4 = 0. Let d be ((-16)/10)/(8/a). Suppose d*m - 33 - 23 = 0. What is the greatest common divisor of 112 and m?
14
Suppose 2*p = -d - 35, 27 + 73 = -5*d + 5*p. Let s = -5 - -3. Let w be s + (-2 - d) - 0. Calculate the greatest common factor of w and 14.
7
Let t(p) = -9*p + 1. Let o be t(-2). Suppose -399 = -3*l + 114. Calculate the highest common factor of l and o.
19
Let n(u) = 2*u + 40. Let c be n(10). What is the highest common divisor of 15 and c?
15
Suppose -4*o - 2*h = -436, 3*o - h - h - 320 = 0. Suppose 3*u = -2*x + 64, 5*u = -3*x - x + o. Calculate the highest common divisor of 220 and u.
20
Let z(h) = -3*h - 2. Let o be z(-3). Let m = 1 - -6. Calculate the greatest common factor of o and m.
7
Let u be 3*(-12 + 13 - (-14)/6). What is the greatest common divisor of 110 and u?
10
Suppose 4*z = -z. Suppose z = 2*k - 15 - 11. What is the greatest common factor of k and 91?
13
Let j(l) = l**3 + 4*l**2 - 7*l + 1. Suppose 6 = 2*x - 3*x. Let a be j(x). Let t = -15 - a. Calculate the highest common factor of t and 21.
7
Let p be 6/((24/15)/4). Suppose -2*f + 2 = -4. Calculate the highest common factor of f and p.
3
Suppose 0 = -v + 185 - 45. What is the greatest common factor of 20 and v?
20
Let i(b) = -b**3 - 5*b**2 + 4*b - 7. Let n be i(-6). What is the greatest common divisor of 5 and n?
5
Suppose 3*f = -3*u - u + 100, -3*f + 96 = 3*u. Suppose -3*g + 2 + 7 = 0. Let p = 11 + g. What is the highest common factor of p and f?
14
Suppose 0 = -3*j - 0*j + 60. Let f = 531 - 291. Suppose f = 2*l + l. Calculate the highest common divisor of l and j.
20
Let k be (0 + 3)*(-10)/(-6). Suppose -q + 5 + 0 = 4*t, -3*t + 8 = k*q. What is the highest common factor of 4 and q?
1
Suppose -x + 25 = 5. Suppose -28 - 297 = -4*b + d, 2*d = 2*b - 170. Calculate the highest common divisor of b and x.
20
Let y be (12/(-10))/(1/5). Let u = y - -47. Suppose -u + 5 = -3*i. Calculate the greatest common factor of 18 and i.
6
Suppose 21*z = 562 + 110. Suppose -5*f + 4 = 24, -q - 12 = 5*f. Calculate the highest common divisor of z and q.
8
Let y = -12 - -21. Let j = -3 + 7. Suppose -2*z + 3*l = -9, j*l - 5 = -2*z + 25. Calculate the highest common factor of z and y.
9
Let q(j) = -j**2 - 19*j - 16. Let w be q(-15). Let m = w - 24. What is the greatest common divisor of 8 and m?
4
Suppose 0*q + 10 = 2*q + u, 16 = 4*u. Suppose 0 = 4*t - s - 40 + 11, 2*s = -10. Suppose t = p + p. What is the greatest common divisor of q and p?
3
Let d = 48 + -27. What is the greatest common factor of 84 and d?
21
Let x(i) = i**2 - 6*i - 4. Let v be x(7). Let c be v/3*(40 - 0). Let l be (-408)/(-24) + -1*1. What is the highest common factor of l and c?
8
Let q(g) = -6*g - 2. Let f be q(-2). Suppose 21*w - 17*w = 280. Calculate the greatest common factor of w and f.
10
Let b be 2/7 - (-60)/(-14). Let t = 4 - b. Calculate the highest common divisor of 20 and t.
4
Let b(w) = -w + 6. Let d be b(-6). What is the greatest common divisor of 6 and d?
6
Suppose 3*i = o + 2*i - 37, -o + 4*i + 43 = 0. Calculate the highest common factor of 7 and o.
7
Suppose 47 = 2*b - 5*n, -2*b + 3*n + 37 = -0*b. Suppose b = o - 0. What is the greatest common divisor of o and 121?
11
Suppose -150 = -5*h + 915. Suppose -4*w = -4*u + u - h, -w - 5*u = -59. Calculate the greatest common factor of w and 36.
18
Suppose 2*o - 4 = 10. What is the greatest common factor of o and 28?
7
Suppose -3*g + 3*m = -231, -g - 4*g + 4*m = -388. What is the highest common divisor of g and 32?
16
Suppose -6*m = -3*m - 30. Suppose -9*y + 8*y = -90. Calculate the highest common factor of y and m.
10
Suppose -4*l + 5*f = -117, 0 = l + l - f - 57. Suppose 0*c + 4*c = l. What is the highest common factor of 35 and c?
7
Let v(r) = 13*r - 5. Let u be v(9). Suppose 5*b = -z + 13 - 2, 0 = z + 4*b - 12. Calculate the highest common divisor of z and u.
16
Let t = 9 + 3. Let x(g) = 5*g**2 - 2*g + 1. Let u(k) = k**3 - 5*k**2 + 4*k + 1. Let s be u(4). Let w be x(s). Calculate the greatest common factor of w and t.
4
Let p = 14 + -12. Let i(x) = 7*x**2 - x - 1. Let s be i(p). What is the highest common factor of s and 275?
25
Let b(g) = 3*g**2 + 3 - 6*g**2 + 4*g**2. Let k be b(3). Calculate the highest common divisor of k and 36.
12
Let w = -106 - -176. Suppose 82*f - 76*f = 60. Calculate the highest common divisor of f and w.
10
Suppose 0 = -5*o + 2*o - k + 1, o + 4*k + 7 = 0. Calculate the greatest common factor of o and 13.
1
Let l = 17 + 0. Let x = l + -9. Calculate the greatest common factor of x and 8.
8
Let n be -2 - 12/(-3)*8. Suppose 10 - 40 = -5*z. What is the greatest common factor of z and n?
6
Suppose 3*z = 0, h + 4*z - 43 = 2. What is the greatest common divisor of h and 9?
9
Suppose -38 + 13 = -d. Suppose -l = 3*h - d, 4*h + 33 = 3*l - h. Let t be (-3)/(-3) + l + -1. What is the highest common factor of 48 and t?
16
Let h be (-7)/5 - 4/(-10). Let f(i) = 11*i**2 - i. Let x be f(h). What is the highest common factor of 12 and x?
12
Let t(n) = 6*n - 8. Let q be t(3). Calculate the greatest common factor of q and 10.
10
Suppose -3*k - 2*k = 0. Suppose k = m - 4*q - 11, m = 3*q + 12 - 2. Suppose 16*p - 693 = 7*p. What is the highest common factor of p and m?
7
Let p = 12 + 7. What is the greatest common divisor of p and 19?
19
Suppose -y = 4*p - 12, 0 = -5*y - 2*p - 3*p + 15. Suppose -h + 6 = -y*h. What is the greatest common divisor of h and 2?
2
Let a = 150 - -12. Suppose 0*l = 2*l - a. Suppose 0*c + c - 14 = -u, -2*c - 4*u = -38. What is the greatest common factor of l and c?
9
Suppose -3*g + 4*c = -202, 0*g - 5*c = -3*g + 200. What is the greatest common factor of 14 and g?
14
Let c = 12 - 18. Suppose -5*i = -5*d + 160, 0 = -5*d + 3*i + 64 + 88. Let n be (-2 - 19)/(c/d). What is the highest common factor of n and 14?
14
Suppose -8*u + 57 = -7. Suppose -60 = -3*a + 108. Calculate the greatest common factor of a and u.
8
Let k = 38 - 33. Calculate the greatest common factor of k and 2.
1
Suppose h - 4*v + 0*v = 56, 4*v = -5*h + 376. Calculate the greatest common divisor of 9 and h.
9
Let s(w) = -w**2 - 12*w + 2. Let o be s(-12). Suppose -2*t + o*v + 522 = 2*t, -v = -3. Calculate the highest common factor of t and 12.
12
Let o(z) = z**3 + 12*z**2 - 4*z - 2. Let i be (1 - 2)*2*6. Let b be o(i). What is the greatest common factor of 23 and b?
23
Let w(t) = -t**3 + 15*t**2 - 25*t + 11. Let s be w(13). What is the greatest common divisor of 36 and s?
12
Let j be (-404)/(-44) - (-4)/(-22). Calculate the greatest common divisor of j and 72.
9
Suppose 0 = -5*p + 3*n + 9 + 5, 4*p - n = 7. What is the highest common factor of p and 6?
1
Let b(w) = 9*w + 5. Let t be b(5). Suppose 3*o - 2*o - 40 = 0. Suppose -8 = -z - 3, -g - 4*z = -o. What is the greatest common factor of t and g?
10
Let q(z) = -z**3 - 6*z**2 - 4*z - 8. Let w be q(-6). Let l = w + -11. Suppose 25 = -0*v + l*v. Calculate the greatest common factor of 2 and v.
1
Let w be (-38 - 0)*4/(-8). Let i be (5 + -8)*(-19)/6*2. Calculate the greatest common factor of w and i.
19
Let x = 9 - 6. Let w = 6 - x. Calculate the highest common factor of 33 and w.
3
Suppose -3*n - 42 = -3*k, 0